. Let n be o(4). Let p be (-36)/(-3 - n/(-20)). Suppose z = -z + p. What is the greatest common divisor of 48 and z?
24
Let w be (20 + -6 + -26)*43/(-3). What is the greatest common divisor of 20 and w?
4
Let k be 3/15 + -1198*3/(-30). Calculate the greatest common divisor of k and 24.
24
Let y = 17 + 47. Let i = 196 - y. Let s(f) = -f**3 - 11*f**2 + 2*f + 34. Let l be s(-11). Calculate the highest common factor of i and l.
12
Let q(d) = d**3 - 10*d**2 - 10*d - 8. Let n be q(11). Suppose 3*k - n = 3. Suppose -k*g + 11 = -13. Calculate the highest common factor of g and 18.
6
Suppose -120 = -35*s + 39*s. Let k = 66 + s. Calculate the greatest common factor of 90 and k.
18
Suppose 3*c + 257 = 65. Let y = c + 70. What is the greatest common divisor of y and 2?
2
Let a be (1 - 4 - -3)/(4 - 0). Suppose 42*q - 47*q + 105 = a. What is the highest common divisor of q and 14?
7
Suppose 5*k = -1 + 21, 2*n + k - 30 = 0. Suppose 3*b - 5 - n = 0. Calculate the highest common factor of 66 and b.
6
Let r = 305 - 185. Suppose -r = o - 6*o. What is the greatest common divisor of o and 96?
24
Let b(h) = h**2 - 15*h + 67. Let d be b(4). Calculate the greatest common factor of d and 713.
23
Suppose -145 = -2*s - w, 2*s - 124 - 36 = 2*w. Calculate the highest common factor of s and 675.
75
Let b(g) = -g**3 - 48*g**2 - g - 26. Let z be b(-48). What is the greatest common divisor of z and 1837?
11
Let m = -1459 - -1619. Calculate the highest common factor of 360 and m.
40
Let n = -19 - -24. Suppose w + n*w = 1080. Calculate the highest common factor of w and 20.
20
Suppose 0 = -2*g + 5*k + 15, 3 = -2*g - 4*k - 9. Suppose 60*v - 57*v - 108 = g. What is the highest common factor of v and 288?
36
Let w be 14*((3*-8)/(-3) - -5). Calculate the highest common factor of 98 and w.
14
Suppose 1 = 2*w - 199. Calculate the greatest common factor of w and 8.
4
Let q(f) = -f**2 + 19*f - 29. Let x be q(17). Suppose -798 = -4*j - h, 0*h - 190 = -j - x*h. Calculate the highest common factor of j and 80.
40
Suppose 0 = 2*v - 356 - 1326. Suppose v - 121 = 5*q. Suppose 2*c = 38 - 2. Calculate the highest common divisor of q and c.
18
Suppose 0 = 13*b - 3*b - 520. Calculate the highest common factor of 65 and b.
13
Let g(f) = -2*f - 10. Let m be g(-6). Let c(j) = 1 + 7 + j**3 + 4*j**2 + 5*j**m - 3*j - 2. Let y be c(-9). What is the greatest common divisor of 22 and y?
11
Suppose 0*r - 6 = 5*a + 2*r, -2*r - 6 = -a. Suppose 3*s - 2*s - 30 = a. Suppose -9*d = -13*d + 80. Calculate the greatest common factor of d and s.
10
Suppose 2*y = -0*x + 4*x - 2, -2*y + 19 = 3*x. Suppose -y*s - 90 = -5*q, -70 = -3*q - 9*s + 4*s. What is the greatest common factor of q and 4?
4
Let l(p) = 85*p - 15. Let g be l(4). Calculate the highest common divisor of g and 50.
25
Let o(p) = -2*p + 39. Let a be o(12). What is the greatest common divisor of 480 and a?
15
Suppose j + 4*j = 2*u - 115, 4*u = 2*j + 238. Suppose u = -4*s + 168. Calculate the highest common factor of 3 and s.
3
Suppose -3*k + 206 = a, 3*a + 0*a - k = 598. Calculate the highest common divisor of 40 and a.
40
Let w be (-33)/(-15) - 3/30*2. Suppose -3*y - 271 + 114 = -2*c, 4*c - 318 = w*y. What is the highest common factor of c and 20?
20
Let s = 2202 - 1788. What is the highest common factor of s and 46?
46
Let z = 188 + -94. Suppose -z = -9*k - 13. What is the greatest common divisor of 9 and k?
9
Let n = -321 + 379. Calculate the greatest common factor of 203 and n.
29
Let b = -1319 + 1787. What is the highest common divisor of b and 208?
52
Suppose 3*i - 30 = 4*i. Let z = i + 51. Let r = z + -7. What is the greatest common factor of r and 35?
7
Suppose 137*u + 6 = 138*u. Calculate the greatest common factor of 27 and u.
3
Let d = 20 - 0. Suppose 0 = -3*f - 2*f - d. Let u = 7 + f. What is the highest common factor of 33 and u?
3
Let o(r) = r**2 - 14*r + 8. Let b be o(15). Let q = -21 + b. Calculate the greatest common divisor of 2 and q.
2
Let t(q) = -q**2 - 10*q + 2. Let l be t(-10). Suppose 0 = -5*r - 3*g + 21 + 49, l*g - 21 = -r. Calculate the highest common factor of r and 77.
11
Let v be (-30 + 86)*(-3)/(-24). Let o be (-1)/1 + (-1 - -37). Calculate the greatest common factor of o and v.
7
Let z = -11 - -22. Let w = 7 - z. Let m = 4 - w. What is the highest common divisor of m and 64?
8
Suppose -5*g - 54 = -7*g. Suppose 0 = -3*u + 2*l - 11, 2*u + 3*l + 3 = -0. Let o = u - -6. Calculate the greatest common factor of o and g.
3
Let p = -704 - -722. What is the greatest common divisor of 288 and p?
18
Let u = 23 + -7. Let d = u - -1. Calculate the highest common factor of d and 136.
17
Let r = -6 + 9. Let y = r + 11. Calculate the highest common divisor of 21 and y.
7
Suppose 0*v - 2*v = -c + 10, c - v = 5. Suppose 2*z - 10*z + 96 = c. Suppose 2*h - 204 = 12. What is the highest common factor of h and z?
12
Let r(o) = 9*o + 39. Let b be r(17). What is the greatest common factor of 24 and b?
24
Suppose -6*n - 91 = -19*n. Suppose 4*z - 19 = -5*j, -4*z = 2*j - 3 + 5. What is the greatest common divisor of j and n?
7
Let k = 12 - 2. Suppose 0 = -25*s + 30*s - 10. Calculate the greatest common divisor of s and k.
2
Let l = -2 + 5. Suppose 33 = -7*s - 324. Let p = s + 53. What is the highest common divisor of l and p?
1
Suppose 2*o = -3*g + 23, 4*g = -o - o + 28. Suppose 47 = 2*n + 3*i, 4*n - o*i - 45 = n. What is the greatest common factor of 76 and n?
19
Suppose -111 = -122*m + 121*m. What is the highest common divisor of 74 and m?
37
Let l = 18 + 16. Calculate the highest common divisor of 85 and l.
17
Suppose -3*l = -341 - 307. Suppose -l - 174 = -3*u. Calculate the highest common divisor of u and 52.
26
Let g be (3/(-4))/(2/(-8)). Suppose 5*s - g*u - 3 = 65, 5*s - 2*u - 67 = 0. Let i be (-571)/(-4) - 1*(-3)/12. What is the highest common factor of s and i?
13
Let p = 73 + 199. What is the highest common factor of p and 204?
68
Suppose 5*f = 4*v + 32, -3*f - 2*v = -7 + 1. Suppose 0 = -100*q + 99*q - 6. Let x be (q/f)/(3/(-12)). What is the greatest common factor of x and 6?
6
Let i(h) = 22*h + 3. Let j be i(4). Suppose -3*r - 3*l = -27, 1 = r + 3*l - 6*l. What is the highest common factor of r and j?
7
Suppose 2*x - 4*y - 22 = -1982, 3*y = -4*x - 3931. Let h = x - -1402. Suppose p + h = 6*p. What is the greatest common divisor of p and 28?
28
Suppose -5*c - 57 - 223 = 5*q, -q = 4. Let f = -10 - c. Calculate the highest common divisor of 14 and f.
14
Let x be 15/((-45)/(-12)) + 620. Calculate the highest common divisor of x and 48.
48
Let i = -15 - -17. Let w be (113/i)/((-1)/(-2)). Let n = w - 69. What is the highest common divisor of n and 4?
4
Suppose 5*b = 129 - 39. Let f be (8/20)/((-1)/(-30)). What is the highest common factor of f and b?
6
Let u(x) = -14*x + 214. Let m be u(10). What is the highest common factor of m and 481?
37
Suppose -z = -3*x + 563, 0 = -0*x + 5*x + 3*z - 957. Let q(b) = 26*b. Let u be q(-1). Let d = 47 + u. What is the highest common factor of x and d?
21
Let p = 37 + 98. What is the highest common factor of 9 and p?
9
Let l be 10/8 + (-150)/(-8). What is the greatest common divisor of l and 580?
20
Suppose 0*m + 5*m + 4*d = 1140, 228 = m + 4*d. What is the greatest common divisor of m and 60?
12
Let w be (-10)/70 - ((-10089)/(-21))/(-3). Calculate the highest common factor of w and 96.
32
Let j(h) = h + 7. Let f be j(-3). What is the highest common factor of 16 and f?
4
Suppose -4*q + 0*q - r + 6 = 0, -14 = -2*q + 5*r. Suppose 5*d - 562 = -2*g - q*g, -d = 2. Calculate the highest common factor of g and 13.
13
Let y = 130 + -98. What is the greatest common factor of y and 864?
32
Suppose 0*f - 5*f - 5*h = -730, f + 2*h = 142. Calculate the highest common factor of 60 and f.
30
Suppose 2*w - 49 = -d - 321, 3*w = -5*d - 422. Let k(j) = 7*j**2 - 8. Let a be k(-6). Let r = a + w. Calculate the highest common factor of r and 10.
10
Suppose 0 = 4*m + 2*n - 238, -2*n = -2*m - 3*m + 302. Suppose 0 = -3*z + 4 + 32. Calculate the greatest common factor of m and z.
12
Suppose -606 = -2*n + 2*y, -5*n - 11*y + 12*y = -1527. Suppose 3*x - 36 = x. What is the highest common divisor of x and n?
18
Suppose -365*x - 9108 = -374*x. What is the greatest common factor of x and 44?
44
Let w(d) = 2*d + 46. Let n be w(-13). Calcul